5 + h = -o. Let z(s) = 88*s**2 + s + 1. What is the tens digit of z(o)?
8
Let x(d) = 6914*d - 266. What is the ten thousands digit of x(3)?
2
Suppose -48 = -0*l - 12*l. What is the tens digit of (2/l)/((-5)/(-2330))?
3
Suppose 17*f - 3438 = 3039. Let m = -7 + f. What is the hundreds digit of m?
3
Let q(x) be the first derivative of 29*x**2 + 8*x + 15. Let w be q(3). Suppose 2*o = 4*h - 2*h + w, 1 = -h. What is the units digit of o?
0
Suppose r - 854 = 2*g, -g + 0*g - 427 = -4*r. Let i = -300 - g. Let t = i - -16. What is the tens digit of t?
4
Suppose -3*g - 5 = 4*n + 8, 2*g - 2*n - 10 = 0. Let j(q) = -15*q. Let y be j(g). What is the tens digit of ((-50)/y + -4)*-24?
1
Suppose 12*a - 106168 - 136862 = -89478. What is the hundreds digit of a?
7
Let q(l) = 5*l**3 - 4*l**2 - 5*l + 5. Suppose -5*k - 4*j - 162 + 39 = 0, 2 = -j. Let o be 0 - 1 - 115/k. What is the hundreds digit of q(o)?
2
Let w(r) = 10*r**2 - 82*r + 14. Let m(h) = 4*h**2 - 27*h + 5. Let d(c) = 11*m(c) - 4*w(c). What is the units digit of d(-8)?
7
Suppose -n - 417 = -2*n - 3*m, -3*n = -3*m - 1251. Suppose -4*q + q = -l + 77, 5*l - n = -q. Suppose -2*w + 13 = -l. What is the units digit of w?
8
Let r(i) = 2*i**3 - 5*i**2 + 6*i + 4. Let k be r(3). Let j = k - -194. Suppose 5*g - 4*u = j, 0*g + 2*g - 5*u = 107. What is the units digit of g?
1
Let q(t) = -t**3 + 16*t**2 - 16*t + 17. Let w be q(15). Suppose 2*n - 4*d - 783 = -d, 0 = w*d + 6. What is the tens digit of n?
8
Suppose 14*v + 16*v - 213150 = 0. What is the hundreds digit of v?
1
Let v(r) = r**3 - 7*r**2 + 5*r + 12. Let b be v(6). What is the tens digit of (-330)/(-20)*(2 + 448/b)?
6
Suppose 28*y - 150253 = 138315. What is the units digit of y?
6
Let n = 12 + -7. Suppose o + 2*z - 2 = 0, -5*o - 5*z + 15 = -0*o. Suppose -x - 407 = -n*l + x, o = -4*x. What is the units digit of l?
1
Suppose 3*n + 2*p = -0*n, p = -2*n. Let s(v) = v. Let b(j) = j + 39. Let w(g) = b(g) - 5*s(g). What is the units digit of w(n)?
9
Suppose 79*m - 80*m = 3*u - 43675, -3*m = 2*u - 131011. What is the units digit of m?
9
Let n be 6/(-9)*(-5)/((-20)/(-534)). Let q = -34 + n. What is the units digit of q?
5
Let q(j) = -j**2 + 52*j + 121. Let b(l) = -l**2 + 51*l + 120. Let p(w) = -5*b(w) + 6*q(w). What is the hundreds digit of p(55)?
2
Suppose 14*r - 10*r - 340 = 0. Let y = 171 + r. What is the hundreds digit of y?
2
Let u = -475 + 792. Suppose 3589 = 9*g - u. What is the units digit of g?
4
Let h = -33573 + 38092. What is the tens digit of h?
1
Let v = -4932 + 8431. What is the tens digit of v?
9
Let k = -3982 + 6517. Suppose -5*p - 3*l = -4*l - k, l + 1521 = 3*p. What is the units digit of p?
7
Suppose -30 + 61 = -2*v - 3*w, 2*v - 5*w - 9 = 0. What is the units digit of ((-2511)/108)/(2/v)?
3
Suppose -3*q + q = c - 678, -5*q + 4*c = -1708. Let z = 446 - q. What is the tens digit of z?
0
Let n(r) = 2*r**3 - 22*r**2 + 34*r + 20. Let i be n(9). Let s(v) = v**2 + 3*v**2 - 2*v**2 + 1 + v. What is the units digit of s(i)?
1
Suppose -2*u - 678240 = -29*u. Suppose -77840 = -40*q - u. What is the units digit of q?
8
Let z = 168 - 166. Suppose -q - 4*y = -z*q + 757, 2*q - 1502 = 2*y. What is the tens digit of q?
4
Suppose 6*l = 9*l - 216. Let f be 2 - -1 - 10/(-5). Suppose 0 = f*p - 223 - l. What is the units digit of p?
9
Let g be (-8)/6 - (-2 + 46/(-3)). Let i be 0 + g + (-1 - (8 - 6)). Suppose i*r - 212 - 1166 = 0. What is the hundreds digit of r?
1
Suppose 3*x + 12 = 6*x. Suppose 5*a - 765 = 2*a - 2*b, -4*a = -x*b - 1000. Suppose 3*d + 5*j = j + a, 2*j - 168 = -2*d. What is the tens digit of d?
8
Let r be 11290/6 - ((-16)/3 + 5). Let g = r - 1244. What is the tens digit of g?
3
Suppose g = 3*t - 20510, 281*t - 282*t - g = -6838. What is the hundreds digit of t?
8
Let o = -1221 + 11349. What is the ten thousands digit of o?
1
Suppose -4*h - 3*z + 22 = 0, 0 = 3*h - 0*h - 5*z - 2. Let m be 2 + (-8)/h + 3 + 0. Suppose 3*w + 300 = m*a, 5*w + 380 + 25 = 4*a. What is the tens digit of a?
9
Let g = 9756 + 6630. What is the units digit of g?
6
Suppose 0 = 5*q + 3*p - 697 - 500, -5*q - 2*p = -1193. Suppose 5*y + q = 4*u, 0*y = 4*y + 4. Let r = u - -18. What is the units digit of r?
6
Suppose -3*c - 1971 = -b - 0*b, 9875 = 5*b - 5*c. Suppose -g = 3*x - 1189, 3*x = -2*x - 4*g + b. What is the hundreds digit of x?
3
Suppose -50*q - 175 = -55*q. What is the tens digit of (-30546)/(-42) - (80/q - 2)?
2
Suppose 5*s = -5*v + 2*v + 269, -5*s + 4*v + 318 = 0. What is the units digit of s?
8
Let x(a) = 71*a**2 - 21*a - 76. Let j be x(-7). Suppose 0 = 34*y - j - 20318. What is the hundreds digit of y?
7
Suppose -189*z + 3166326 + 2355256 = 1026406. What is the ten thousands digit of z?
2
Let j be 2/4*(-1 - -1). Let v be 2/1 + 1572/(2 - j). Suppose v = 6*l - 34. What is the units digit of l?
7
What is the units digit of (619605/(-562))/(6/(-80))?
0
Let l = -61293 + 89066. What is the tens digit of l?
7
Let f = 62 - 43. Let z(c) = 2*c - 37. Let j be z(f). What is the tens digit of (1 - 130)/(j - 2)?
2
Let l be ((-3 - -4)*0)/2. Suppose -5*m - 1 = -2*j + 5*j, l = -3*m - 15. Let x(s) = s**2 - s + 6. What is the units digit of x(j)?
2
Let q(b) be the second derivative of b**4/6 + b**3/6 + 6*b**2 + 58*b. What is the tens digit of q(4)?
4
Suppose 4*s - 18*h + 31 = -13*h, s - 2*h = -10. Let j be 2/6 + 110/3. Let t = j - s. What is the tens digit of t?
4
Suppose 13*d = 30*d + 51. Let f(j) = -157*j - 77. What is the units digit of f(d)?
4
Suppose -2*r = -d + 9320, -49*d + 44*d + 4*r + 46618 = 0. What is the hundreds digit of d?
3
Let d(o) = -134*o**2 + 4*o + 57. Let y(c) = 67*c**2 - 2*c - 28. Let n(g) = 4*d(g) + 9*y(g). What is the thousands digit of n(-4)?
1
Suppose -7*r + 868 = -854. Let g(k) = 37*k**2 + 10*k - 24. Let j be g(-6). Suppose 5*q = m + j, 2*m = q - 0*m - r. What is the tens digit of q?
5
Let o be (2/4)/(18/900). Suppose -2*u = 2*g + 22, u + u + o = g. What is the tens digit of (-15)/(-12) + (-657)/u?
5
Let g(c) = 12*c**2 - 778*c + 89. What is the tens digit of g(76)?
7
Let i(a) = 946*a**2 - 35*a - 75. What is the units digit of i(-3)?
4
What is the thousands digit of ((-68)/102)/((-6)/203265)?
2
Let z = -2574 - -3407. What is the hundreds digit of z?
8
Suppose 0 = -3*w + x + 24, -2*w + 5*w - 36 = -3*x. Let o = 3081 - 1974. Suppose w*n - o = -171. What is the hundreds digit of n?
1
Let i = 439 - 419. Suppose 2*y = 3*k + 923, -4*k + i + 0 = 0. What is the units digit of y?
9
Suppose -4*p + 1289 = 5*g, -345 = 5*p - g - 1949. Let f(w) = w**3 + 6*w**2 + 2*w - 10. Let r be f(-8). Let x = p + r. What is the units digit of x?
7
Let s be 6/(-10) + 1917/(-5). Suppose 5*c = -4*v - 872, 60*v = -c + 65*v - 186. Let l = c - s. What is the tens digit of l?
0
What is the hundreds digit of 7 + -13 + 7*926 + 0/2?
4
Let w(j) = -j**2 + 9*j - 9. Let s be w(7). Suppose y = -g + 1401, -s*y + 7005 = 5*g - y. What is the tens digit of g?
0
Suppose -5*d = -9*d - 16, -5*y = -2*d - 42693. What is the thousands digit of y?
8
Let s(g) = 375*g**2 - 3*g + 3. Let x be s(1). What is the tens digit of 1 + (-34)/30 - (-177050)/x?
7
What is the units digit of (-5)/(-25) - ((-207536)/10)/7?
5
Let d(k) = 1826*k + 1271. What is the ten thousands digit of d(13)?
2
Suppose -4*c = -w + 13404, 25*w - 24*w + 3*c = 13369. What is the hundreds digit of w?
3
Suppose -2*n + 20952 = -9*v, -3*n + 6*v - 7*v = -31457. What is the units digit of n?
5
Let f = -64 + 70. Suppose 3*d = -f, 3*d - 4*d + 32 = n. Let r = 76 + n. What is the tens digit of r?
1
Suppose -307*t + 318*t = 89738. What is the units digit of t?
8
Let n = -215 - -13. Let v = n + 291. What is the units digit of v?
9
Let s be -1 + (-7)/((-42)/8496). Suppose -2*y + 7*y = 4*a + s, -3*y = -5*a - 836. What is the units digit of y?
7
Suppose -2*k - 26*k + 1614116 = 0. What is the thousands digit of k?
7
Let b(n) = -n**2 - 3*n + 3. Suppose -3 = k + 3*m, -k - 3*m = -2*m + 3. Let w be b(k). What is the units digit of (2 + (-4)/w)/((-18)/(-81))?
3
What is the tens digit of (-28203)/9*1170/52*(-12)/15?
0
Suppose -21718 = -2*d - 9*m, 59 = -m + 55. What is the units digit of d?
7
Let d be (5 - (-68)/(-12))/(1/(-954)). Let x = d + -431. What is the tens digit of x?
0
Suppose h - 23150 = 4*w, 3*w = 4*h - 27812 - 64853. What is the thousands digit of h?
3
Let z = 25 - 6. Let